+ 5 + -17
27
What is -7 + 14 + 9 + -5?
11
What is (18 - 51 - -65) + 4?
36
Evaluate 14 - (7 + -2 + -2 + 1 + 0).
10
What is the value of -15 + 11 + -16 + 4 + 4?
-12
Calculate 32 - (-40 + 42) - -1.
31
What is the value of -1 + (6 - 3) + -11 - (-28 - -35)?
-16
What is the value of -12 - ((-12 - -8) + (4 - 0))?
-12
What is the value of 2 - -15 - (6 - -9)?
2
Evaluate (2 - 6) + (4 - 23 - -13) + 19.
9
Evaluate -13 + -1 + (11 - -8).
5
What is -1 - -4 - (-171 + 161) - 16?
-3
-7 - 5 - (43 - 54)
-1
Evaluate 15 + -4 + 14 + 5 - 12.
18
Calculate (1 - -16) + 19 + -31.
5
-4 + 8 + -5 - ((0 - 0) + -6)
5
What is -84 + 85 - (-12 - -2) - 46?
-35
Calculate (-5 - 2) + (3 - -13) - -9.
18
What is the value of 8 + 2 + (0 - 2) + 2?
10
Evaluate -23 - -30 - (2 - -13).
-8
(-23 - -1 - (-89 - -70)) + -1 + -24
-28
What is the value of (-30 - -27) + (3 - 2 - 4) + 8?
2
-70 - (-19 + -29 + 5)
-27
What is (-1 - 1) + -1 + -5 + -1005 + 1026?
13
Evaluate -4 + 47 - (-37 + 15 + 36).
29
Evaluate (6 + -6 - -13) + (80 - 118).
-25
What is the value of -11 - (1 - (-1 - (-5 + 3) - -5))?
-6
What is 2 + 23 + (-4 - 12)?
9
Calculate -123 + 118 - (1 + -1 + 2).
-7
Calculate -8 + (7 - 14 - -21).
6
Evaluate 7 - (4 - (1 - 15)) - -7.
-4
What is the value of -6 - -20 - ((-2 - -4) + 7)?
5
What is the value of -24 + 18 + 28 - 10?
12
What is (-27 - (1 - 19)) + -4?
-13
(-2 - (0 - -13)) + (-1 - -8)
-8
10 + -3 - (-2 + 5 + -3 + 2)
5
-55 + 0 + 2 + 21
-32
What is 1 + 1 - (-8 + 9 + 14)?
-13
Calculate -3 + -9 - (-17 + 17).
-12
What is the value of 7 - (-2 + 4 + (-5 - -21 - 3))?
-8
What is the value of 4 + -3 + -8 - (3 + -1 - -3)?
-12
Evaluate -3 + -26 + -10 + 34.
-5
What is the value of (6 - (-13 - (-6 + 5 + -5))) + -5?
8
What is 3 + (-20 - -12 - (0 + -13))?
8
What is the value of -6 + (4 + 1 + -7 - (-17 + 1))?
8
Calculate -7 + -9 + 4 - -11 - -3.
2
Calculate -4 + -21 + (43 - 31).
-13
21 + -10 - (0 + -4 - (-105 + 100))
10
What is -8 + 7 + -5 + -2 - -6?
-2
Calculate (2 - 0) + (-2 - -7) - -5.
12
What is 212 + -225 - (2 + -2 + -4) - 4?
-13
What is (3 - 3 - -9) + -11 + 9 - 7?
0
Calculate 6 + -46 + -37 + 52.
-25
What is (-7 + (10 - -9) - 8) + -5 - 3?
-4
What is the value of 3 + (6 - 3) + (42 - 46)?
2
(60 - 61) + -21 + (-4 + 0 - 1)
-27
What is the value of (-2 + 3 - (-2 + 2)) + -7 + 8?
2
-18 + 1 + 1 + 22
6
4 + (8 - (-10 + (28 - 2)))
-4
Evaluate -4 - (0 - (3 - -4)) - -4.
7
-12 + 10 + -15 + 19
2
1 - -9 - (-5 - -5 - -30)
-20
What is the value of 29 - ((-2 - 3) + -8 + 15)?
27
Evaluate 25 - (-27 + (82 - 47)).
17
What is (-11 - -4 - -5) + -2 + 6 - 24?
-22
-34 + 2 - (566 - 568)
-30
What is the value of (35 - (10 + 9)) + -16?
0
What is the value of 14 + -26 - -21 - (-4 - 1)?
14
Calculate -8 + 2 + -3 + (151 - 148).
-6
Evaluate 6 + -11 + 6 + 0 - (2 - 4).
3
Evaluate -9 + 4 + (-9 + 2 - 1).
-13
Evaluate 2 + -2 + -12 + 7 + 33.
28
Evaluate 2 - ((5 - (-14 + 10)) + -2 + 1).
-6
What is -37 + (35 - 8) + -2?
-12
What is 16 + 10 + -26 - -24?
24
Evaluate 636 + -663 + 40 + 1.
14
11 + -4 + (5 - (0 - -21))
-9
Evaluate 1 - (26 + -19 + 2 + 3).
-11
What is (-4 - (8 - 12 - -8)) + -2?
-10
What is the value of 12 - ((0 - -2 - (5 + 1)) + 4)?
12
Calculate 17 - 22 - -30 - 19.
6
49 + 45 + -48 + -53
-7
Evaluate -21 + 20 + -21 + -2 + 6.
-18
Evaluate (-32 - -38) + -24 + (5 - (6 + -4)).
-15
Evaluate 4 + (-5 - (-1 - -6)) - (4 + 1).
-11
What is -89 + 84 - (10 - (6 + -4))?
-13
What is 1 - (21 + -49 - -70)?
-41
Calculate 14 + (23 - 25) + 3 + -5.
10
Calculate -12 + (-2 - (0 - (1 - (5 - -2)))).
-20
What is the value of (-345 - -349) + -1 + -14?
-11
What is (-217 - -220) + (-3 - 12)?
-12
What is (-18 - 2) + (74 + -76 - (-5 - -1))?
-18
What is the value of (-195 - -194) + (0 + -16 - (-3 + 6))?
-20
Calculate -6 + 2 + (0 - 4) - (20 - 18).
-10
What is -1 + (3 - (-5 + (-2 - -8)))?
1
What is -4 + -3 + 3 + -8 + 8 + 16?
12
Evaluate -2 - ((26 - -8) + -42 - (1 + 2)).
9
What is the value of 2 + -3 + 26 - 13 - 7?
5
What is (15 + -26 - (3 - 25)) + -16?
-5
Calculate 4 - 6 - (-34 - -52).
-20
Calculate 31 - (2 - (-14 + -2)).
13
Calculate (-8 - (2 - 4)) + -11 + (11 - -5).
-1
Evaluate 35 + -23 + 29 + -24.
17
Calculate -17 - (-170 - -155 - (1 + -21)).
-22
Calculate (-40 - -42) + 9 + -23 + 0.
-12
Calculate -11 + -5 + 6 + -6 + 12.
-4
6 - (-1 - (-5 + -13))
-11
What is (-40 - -18 - -41) + (0 - 7) + 2?
14
2 + 1 + 2 + -24 + 20
1
Calculate 8 - (-6 - (4 - 13) - -15).
-10
Calculate 3 - (5 - 6) - 2 - (0 + -5).
7
What is the value of 10 - (-9 + 10) - -3?
12
Evaluate -3 - (-46 + (-16 - 1 - -20)).
40
39 + -54 - (-23 - 0)
8
Calculate 10 - (-8 + -9 + 32).
-5
-21 + 3 + 3 + 7 + 22
14
1 - -3 - (8 + (-2 - (-3 + 2)))
-3
What is 1 + (12 - 0) - (2 + (-15 - -14))?
12
What is the value of -10 - (8 - (2 + 9))?
-7
What is -10 + 4 + 16 + -9 + -1 + -4?
-4
What is -1 - (3 + 12 + -14 - 15)?
13
Calculate -31 + (-13 - -20) - -23.
-1
(-1 + 3 + -4 - -3) + 0
1
Evaluate (231 - 222) + 1 + -15 + (-2 - -10).
3
Evaluate -391 + 386 - (-1 - 18).
14
-20 + 39 + -19 + 5
5
What is -3 + -4 + 6 + -8?
-9
What is -16 + 16 + -1 - (0 - 5 - -3)?
1
What is the value of -36 + (87 + -73 - (-2 - -2))?
-22
What is the value of (-13 - -15 - -5) + -3?
4
Calculate -9 + (-4 + 3 - -9) + (1 - 8).
-8
Evaluate (1 + -5 - 0) + 4 + -6 + 16.
10
(-57 - -61) + (3 - -2) + -32
-23
What is 5 - ((0 - (1 - -1)) + 20 + -33)?
20
(0 - (3 - 4)) + -2 - (21 - 27)
5
Calculate 1 + (-11 - -5) + (4 - -4) + 2.
5
What is (-29 - 0) + 902 + -885?
-12
What is -5 - (-16 + 20 - 23)?
14
What is -2 - (-13 - -5 - -17)?
-11
-12 + (-8 + 9 - (-19 - 4))
12
Evaluate -37 + (-6 - (2 - 0)) + (-76 - -88).
-33
Evaluate -3 + (-11 - (5 - 4)) + -2.
-17
What is -2 + 0 + (6 - 1) - (-625 + 635)?
-7
Evaluate (-44 - -35 - (3 - 1)) + (3 - 1).
-9
Calculate 5 - (-5 - (10 + -6 - (1 - -4))).
9
Calculate (-3 - 1) + (0 + -14 - (-3 - -5)).
-20
(-2 - (-6 - -9)) + 27 + (2 - 5)
19
Evaluate -92 - -70 - (-3 + (-15 - -4)).
-8
What is the value of (5 + (5 - 7) - 9 - 7) + -2?
-15
What is (-29 - (-2 - -1)) + 0 - (236 - 239)?
-25
-24 - (10 - (0 - (-5 - 13)))
-16
Evaluate -9 - -27 - -10 - 4.
24
-13 + 21 + -19 + 31
20
-35 + (18 - 25) + 20
-22
-6 + -14 - (-4 + 0) - -3
-13
What is -1112 + 1087 - (-34 + -1)?
10
What is -8 + -20 + 1 + -4 + 12 + 2?
-17
What is the value of -4 + (9 + -4 - 1) + 5 + -5?
0
Calculate (-89 - -83) + 1 + 38.
33
Calculate (-48 + 38 - (-5 + -2)) + -8 + 1.
-10
What is the value of (4 - 2) + 11 + -12 + (-7 - 1)?
-7
3 - (1 + 4 + 2)
-4
3 + (-3 - 10) - (-39 - -35)
-6
(5 - 9) + (-15 - -4) + 7
-8
Evaluate 5 + 20 + -47 + 5.
-17
Evaluate -4 + (-6 - (-9 + 1)) - (3 + 0).
-5
What is the value of -646 - -635 - (-2 - 0)?
-9
Evaluate 7 + (-27 - (1 - -4)) + 0 - 1.
-26
(-3 - (-7 - (-8 + -2))) + 6 - 10
-10
What is the value of 0 + -7 + 0 + 6 - -15?
14
What is -13 + (-21 - -46) + 0?
12
Calculate 2 + -18 - (-6 - 0).
-10
What is (-2 - 13) + 7 + 10?
2
What is the value of -33 + 30 + -12 + 3?
-12
Calculate 1 + (2 - (1 - -2)) - (-16 + 9).
7
Calculate -35 - (-26 + 27 + (7 - 17)).
-26
What is 8 + -5 + 29 + -45?
-13
3 + -2 - (14 - (3 + -12))
-22
What is the value of 79 - 102 - (-18 + 1)?
-6
What is -20 - (11 + -24) - -19 - 10?
2
What is -38 - -24 - -4 - (-15 - -1)?
4
2 + 1 - ((102 - 106) + 2 + 9)
-4
Calculate (5 + -2 + -6 - -11) + 5.
13
Evaluate -24 + 6 + (-2 + 6 - 0).
-14
(-5 - 0) + 47 + -40 - (0 - -16)
-14
8 + -3 - (-4 + 2 + 21)
-14
Calculate 1 + -13 - (28 - 38) - 10.
-12
Evaluate -2 - (-1 + 10 - 4 - 3).
-4
What is 1 - 58 - (-1108 + 1074)?
-23
What is (1 - (1 + -5) - (-8 + 1)) + -3?
9
What is -13 - (-13 + 18 + -18)?
0
Calculate -5 + 22 + -26 + (-1 - -2) + -1.
-9
Evaluate (1 - -7) + (-3 + 3 - 14).
-6
Calculate -428 + 414 + -8 + 1.
-21
Calculate (-3 - (6 - -2)) + 11 + -6.
-6
Calculate -6 + 7 - (5 - -28).
-32
What is the value of 0 + 13 - ((-16 - -20) + -1) - 8?
2
What is the value of 8 + -1 - (24 + 6 + -23)?
0
Evaluate 1 + -1 + (6 - (4 - -3 - 9)).
8
Evaluate (-10 - (-3 + -1)) + (12 - 4) + -7.
-5
What is the value of -4 - (-4 - (-20 + -7 + 20))?
-7
Calculate (-1 - (-13 + 3) - 7) + 5 + 2.
9
Calculate -14 - (426 + -408 - (11 - 0)).
-21
What is the value of -16 + 7 - (1 - (-9 + 6) - 3)?
-10
What is the value of -4 + (11 - -14 - 11)?
10
What is the value of -7 - (7 + -3 + -1) - -7?
-3
What is the value of 0 + 4 - (3 - (15 - 4))?
12
What is the value of (38 - (-11 - -49)) + 23?
23
What is the value of -1 + 6 + (2 - 6) + -4 + 